14 + -3448?
-3461
In base 15, what is 9ca + -20?
9aa
In base 9, what is 7 + 44?
52
In base 13, what is -a98c0 - 4?
-a98c4
In base 5, what is 13114 - 230124?
-212010
In base 12, what is 16764 - 3?
16761
In base 2, what is -1100010 + -1000100101?
-1010000111
In base 3, what is 12110 - 22221?
-10111
In base 3, what is 212001120 - -12?
212001202
In base 2, what is -1000111100000111 - 1000?
-1000111100001111
In base 2, what is -101 - -10010001011000?
10010001010011
In base 16, what is 4 - -fe9?
fed
In base 3, what is -102201 + 21210100?
21100122
In base 6, what is 14504500 + -2?
14504454
In base 3, what is 11101 + -20100?
-1222
In base 9, what is 2 + 23360?
23362
In base 11, what is 470528 - -1?
470529
In base 2, what is 1000 - -10011100000000100?
10011100000001100
In base 8, what is 504330 + -5?
504323
In base 14, what is -821584 - 3?
-821587
In base 14, what is -28b7 - 4?
-28bb
In base 13, what is -399bb - 4?
-399c2
In base 4, what is -11333303 + 10?
-11333233
In base 3, what is -1001201022101 - -12?
-1001201022012
In base 10, what is -5 + 20570?
20565
In base 6, what is -1004 - 5543?
-10551
In base 12, what is 112 + -12?
100
In base 11, what is -917611 - 1?
-917612
In base 9, what is -17102 - 36?
-17138
In base 6, what is 3510 + 1225?
5135
In base 11, what is -335 + 65?
-280
In base 9, what is 311735 - 2?
311733
In base 7, what is -232 + 15536?
15304
In base 16, what is -4 + -199b?
-199f
In base 13, what is -1ab052 + 2?
-1ab050
In base 13, what is -34868 + 0?
-34868
In base 8, what is -2 + -63662?
-63664
In base 16, what is 71b + -4?
717
In base 5, what is -2 + 3041114?
3041112
In base 13, what is -18 + -1241?
-1259
In base 4, what is 1013210 - 2?
1013202
In base 10, what is -162841 + 1?
-162840
In base 14, what is -4 + 10641?
1063b
In base 15, what is 7 + 74c?
754
In base 13, what is -191 - -146c?
12ab
In base 16, what is 37a - -7c8?
b42
In base 6, what is 200523 + -4?
200515
In base 9, what is -52453 - -5?
-52447
In base 6, what is -250 - -1222?
532
In base 11, what is -38 + -281a?
-2857
In base 15, what is 20d4 - -9?
20dd
In base 15, what is a1 - 82d?
-77c
In base 11, what is -222a1a - 1?
-222a20
In base 3, what is 1121210 + 1102202?
10001112
In base 4, what is -3103 + -220?
-3323
In base 16, what is 4eff - 5?
4efa
In base 6, what is 24103 - -5?
24112
In base 13, what is -198 + -203?
-39b
In base 13, what is 11 - b880?
-b86c
In base 3, what is -110020 + -100211211?
-101022001
In base 15, what is -6a - 9e?
-119
In base 14, what is 2 - 36db7?
-36db5
In base 14, what is 1 - 16569?
-16568
In base 2, what is -101100001101011111 - -11?
-101100001101011100
In base 14, what is -1c + -12c?
-14a
In base 13, what is -b - 514?
-522
In base 3, what is -10 + -1112221012?
-1112221022
In base 10, what is 10435 - -15?
10450
In base 3, what is 121111200000 - 21?
121111122202
In base 16, what is dd4 + -35?
d9f
In base 12, what is 3 - 526?
-523
In base 11, what is 1 - 86932?
-86931
In base 3, what is 1011010122022 + 2?
1011010122101
In base 6, what is 3230 - -2432?
10102
In base 14, what is -9d + -124?
-1c3
In base 14, what is 28b78b + -5?
28b786
In base 3, what is 0 - 1022002021?
-1022002021
In base 11, what is 3 + -79210?
-79208
In base 12, what is -16 + 2569?
2553
In base 10, what is 0 + 10751?
10751
In base 8, what is 2 + 10562?
10564
In base 9, what is 0 + -366382?
-366382
In base 16, what is 6 + -3d5fb?
-3d5f5
In base 16, what is 10e4 - -4c?
1130
In base 11, what is 26 + -4913?
-4898
In base 14, what is bcd - 43?
b8a
In base 3, what is 200000222 + 11?
200001010
In base 8, what is -226664 - 12?
-226676
In base 15, what is 1509 - -24d?
1757
In base 10, what is 4 - 10707?
-10703
In base 7, what is -1661 + -5346?
-10340
In base 8, what is 27502 - -1?
27503
In base 9, what is 5 - 8402?
-8386
In base 5, what is -140413 + 1201?
-134212
In base 4, what is 0 + 133303022?
133303022
In base 16, what is e + -b0e?
-b00
In base 7, what is 1562 + 131?
2023
In base 9, what is -225508 + 1?
-225507
In base 8, what is 111133 + 2?
111135
In base 2, what is 1 + 11101111010011?
11101111010100
In base 15, what is 1 - 5b24?
-5b23
In base 5, what is 301 + 4042?
4343
In base 2, what is 111110101111001111 + 100?
111110101111010011
In base 4, what is 132202031 + -11?
132202020
In base 7, what is 4211530 + 2?
4211532
In base 7, what is -2 - 422365?
-422400
In base 13, what is -891 + 350?
-541
In base 15, what is -5 + 3a2?
39c
In base 15, what is -33cd45 + -5?
-33cd4a
In base 11, what is -850 + -3?
-853
In base 3, what is 12120211011 + 10?
12120211021
In base 5, what is -141 - -1204313?
1204122
In base 2, what is 1011010111111101011 - 101?
1011010111111100110
In base 10, what is 3 + 53989?
53992
In base 9, what is -12532 + 10?
-12522
In base 4, what is -102230201 - -2?
-102230133
In base 10, what is 34938 + 70?
35008
In base 9, what is 0 - 61611?
-61611
In base 12, what is 1338 + 177?
14b3
In base 13, what is -b18276 - 4?
-b1827a
In base 9, what is -743 - -467?
-265
In base 2, what is 1111110 - 10010010010?
-10000010100
In base 10, what is -21 + 4985?
4964
In base 5, what is 11110 - -2213?
13323
In base 7, what is -2 - 1534313?
-1534315
In base 7, what is -2452 - 3314?
-6066
In base 14, what is 0 - -13a9d?
13a9d
In base 15, what is 27b6 - -11?
27c7
In base 12, what is 10a249 + -3?
10a246
In base 12, what is -325 + -44?
-369
In base 4, what is -3 + -31321?
-31330
In base 3, what is -211 - -1211020?
1210102
In base 12, what is -3 - -4714?
4711
In base 4, what is 313102030 - -11?
313102101
In base 5, what is 2 - -302124?
302131
In base 3, what is 11101 - 21012?
-2211
In base 16, what is -6e6e + -5?
-6e73
In base 7, what is -14 - 5266?
-5313
In base 12, what is -150551 + -3?
-150554
In base 15, what is dee + -5a?
d94
In base 16, what is -38103 - -3?
-38100
In base 11, what is 2296 + 13?
22a9
In base 13, what is 0 + 2c6a7?
2c6a7
In base 5, what is 13111344 - 10?
13111334
In base 3, what is -1000011200 - -11?
-1000011112
In base 14, what is 2dd + -b?
2d2
In base 3, what is -12202 + -20022?
-110001
In base 13, what is 89c2a - 1?
89c29
In base 7, what is 3122 - 2465?
324
In base 8, what is 63413 + -1?
63412
In base 13, what is -5 - -c5a2?
c59a
In base 8, what is -1454060 + -3?
-1454063
In base 10, what is -454 + -674?
-1128
In base 14, what is -5 + -1a232?
-1a237
In base 8, what is -35 - 36542?
-36577
In base 6, what is -123453 - 2?
-123455
In base 2, what is 1011100101111 + -100?
1011100101011
In base 3, what is -11202111 + 22011?
-11110100
In base 10, what is -12628 + 5?
-12623
In base 5, what is -3024 - 133?
-3212
In base 8, what is 1603 - 136?
1445
In base 12, what is -1434b1 + 3?
-1434aa
In base 6, what is 14 + -205521?
-205503
In base 2, what is 10111100 + 1101011000?
10000010100
In base 4, what is 10231 + -2113130?
-2102233
In base 6, what is -10254 - -324?
-5530
In base 5, what is -210 + -202321?
-203031
In base 11, what is -3 - -4668?
4665
In base 8, what is 3557 - 3?
3554
In base 16, what is -2bc67 - -2?
-2bc65
In base 6, what is -5 - -1215452?
1215443
In base 16, what is -ec + -31?
-11d
In base 15, what is c4002 - -7?
c4009
In base 16, what is 1 - -810ec?
810ed
In base 7, what is 3 - 1352410?
-1352404
In base 2, what is 10000011010 + -1010000?
1111001010
In base 3, what is -22 + -222212001111?
-222212001210
In base 5, what is -3322420 - -2?
-3322413
In base 7, what is -2253256 + -1?
-2253260
In base 7, what is 1 + -5204?
-5203
In base 7, what is -221213 - -111?
-221102
In base 5, what is 4121 + -32?
4034
In base 3, what is -1112 + -2121012?
-2122201
In base 12, what is -2 - 2aa817?
-2aa819
In base 6, what is -12352 - 10305?
-23101
In base 16, what is d8 + 995?
a6d
In base 16, what is 9db16 - 3?
9db13
In base 5, what is 120434222 + -1?
120434221
In base 11, what is -25386 - -62?
-25324
In base 6, what is -500 - 1435?
-2335
In base 16, what is 0 - -1f7f4?
1f7f4
In base 8, what is -2 + 547063?
547061
In base 16, what is -d - -364f6?
364e9
In base 5, what is -42 + 11330?
11233
In base 11, what is -6a4a4 + 3?
-6a4a1
In base 10, what is -24 - -1878?
1854
In base 11, what is 1 + a207?
a208
In base 10, what is -9655 + 10?
-9645
In base 11, what is -1006 - -232?
-884
In base 2, what is -11101 - -1100011111010?
1100011011101
In base 7, what is 2362455 - 2?
2362453
In base 5, what is 322 